se
Is 2707117 a prime number?
False
Is 198749 a prime number?
False
Is 31847 composite?
False
Is 177701 a prime number?
False
Is 6387 a prime number?
False
Is 2374261 composite?
False
Is 211 a prime number?
True
Is 44123 a composite number?
False
Is 25003 a prime number?
False
Is 137477 prime?
True
Is 10541 prime?
False
Is 857459 a prime number?
True
Is 29599 composite?
False
Is 20879 a composite number?
False
Is 19637 composite?
True
Is 1945 a composite number?
True
Is 1957759 a composite number?
False
Is 48947 a prime number?
True
Is 13309 composite?
False
Is 8651 prime?
False
Is 30669 a prime number?
False
Is 39341 a prime number?
True
Is 646509 composite?
True
Is 1285 a composite number?
True
Is 82457 a composite number?
False
Is 194347 prime?
False
Is 3359 composite?
False
Is 10219 a composite number?
True
Is 1409 prime?
True
Is 61781 a prime number?
True
Is 34379 a composite number?
True
Is 3831 prime?
False
Is 4699 composite?
True
Is 317321 prime?
True
Is 501083 a prime number?
False
Is 2317 prime?
False
Is 32869 prime?
True
Is 7627 prime?
False
Is 32173 prime?
True
Is 8903 composite?
True
Is 630533 prime?
False
Is 6749 a prime number?
False
Is 56659 a prime number?
True
Is 631 prime?
True
Is 8791 prime?
False
Is 237127 a composite number?
True
Is 3377 composite?
True
Is 74699 a composite number?
False
Is 18497 composite?
True
Is 7121 prime?
True
Is 10753 a composite number?
False
Is 15802 a prime number?
False
Is 88169 a prime number?
True
Is 26213 prime?
False
Is 1091209 prime?
False
Is 124513 a composite number?
False
Is 24835 composite?
True
Is 8009 a composite number?
False
Is 35671 prime?
True
Is 109409 composite?
True
Is 427263 a composite number?
True
Is 6617861 prime?
True
Is 8566 a prime number?
False
Is 2507561 composite?
True
Is 901229 prime?
False
Is 94201 composite?
False
Is 60603 a prime number?
False
Is 8914 a prime number?
False
Is 20413 a composite number?
True
Is 934 a composite number?
True
Is 1657 composite?
False
Is 25997 a composite number?
False
Is 656063 a prime number?
True
Is 86563 a composite number?
True
Is 478505 composite?
True
Is 58983 composite?
True
Is 55222 prime?
False
Is 79457 a prime number?
False
Is 2333 a prime number?
True
Is 178681 prime?
True
Is 1408597 a composite number?
False
Is 560531 composite?
False
Is 4931 prime?
True
Is 877 prime?
True
Is 40694 composite?
True
Is 19373 prime?
True
Is 145283 a prime number?
True
Is 269 composite?
False
Is 5401 prime?
False
Is 14843 composite?
False
Is 128903 a prime number?
True
Is 28901 prime?
True
Is 4511 a composite number?
True
Is 380469 composite?
True
Is 21991 a composite number?
False
Is 83761 composite?
False
Is 6374 composite?
True
Is 135389 prime?
True
Is 12037 a prime number?
True
Is 55069 a prime number?
False
Is 55487 composite?
False
Is 77681 composite?
False
Is 10037 composite?
False
Is 684509 a composite number?
True
Is 14563 a prime number?
True
Is 48179 prime?
True
Is 109297 prime?
True
Is 9871 prime?
True
Is 25523 a composite number?
False
Is 13765 prime?
False
Is 174299 a composite number?
False
Is 7405 composite?
True
Is 4603 composite?
False
Is 123673 a composite number?
True
Is 149087 prime?
True
Is 23105 a prime number?
False
Is 39439 a composite number?
False
Is 251663 prime?
True
Is 211 prime?
True
Is 888869 a prime number?
True
Is 72307 a composite number?
False
Is 190207 a composite number?
False
Is 567449 prime?
True
Is 39821 composite?
False
Is 6521 a prime number?
True
Is 2157429 prime?
False
Is 10651 prime?
True
Is 17638 a prime number?
False
Is 44359 prime?
False
Is 81537 composite?
True
Is 210097 a composite number?
False
Is 79057 composite?
True
Is 18299 a prime number?
False
Is 199957 composite?
True
Is 1337 prime?
False
Is 65539 a composite number?
False
Is 53782 a composite number?
True
Is 5137 composite?
True
Is 6329 composite?
False
Is 66769 a composite number?
True
Is 414185 prime?
False
Is 43637 prime?
False
Is 31957 a composite number?
False
Is 24439 composite?
False
Is 616981 prime?
False
Is 2653 a composite number?
True
Is 121469 a composite number?
False
Is 352879 a composite number?
True
Is 10687 a prime number?
True
Is 358599 a composite number?
True
Is 1385699 a prime number?
False
Is 264167 a composite number?
False
Is 574907 a composite number?
False
Is 4511 prime?
False
Is 355595 a prime number?
False
Is 1141661 a composite number?
False
Is 222643 prime?
True
Is 1027 a prime number?
False
Is 134477 a prime number?
False
Is 10249 a composite number?
True
Is 23367 a prime number?
False
Is 2942969 a composite number?
True
Is 19015 composite?
True
Is 3783727 a prime number?
True
Is 21701 composite?
False
Is 64211 prime?
False
Is 207149 composite?
True
Is 3067 a composite number?
False
Is 15517 a prime number?
False
Is 50533 prime?
False
Is 75549 a composite number?
True
Is 1073 a composite number?
True
Is 306377 a composite number?
False
Is 516745 a composite number?
True
Is 23753 prime?
True
Is 91193 composite?
False
Is 348077 prime?
True
Is 66337 composite?
False
Is 205771 composite?
True
Is 401113 a prime number?
True
Is 40343 a prime number?
True
Is 13274 prime?
False
Is 418598 prime?
False
Is 13963 a composite number?
False
Is 29411 prime?
True
Is 8051 a prime number?
False
Is 51 a prime number?
False
Is 57539 a composite number?
True
Is 93787 a prime number?
True
Is 815453 prime?
True
Is 110527 a composite number?
False
Is 2762 a prime number?
False
Is 20507 a prime number?
True
Is 573 prime?
False
Is 19265 a composite number?
True
Is 529877 composite?
True
Is 16613 a composite number?
True
Is 622279 a composite number?
True
Is 400195 a composite number?
True
Is 99041 a composite number?
False
Is 72499 composite?
True
Is 1015217 prime?
False
Is 827467 composite?
True
Is 5833 a prime number?
False
Is 17113 prime?
False
Is 692069 composite?
True
Is 3113569 a prime number?
True
Is 27187 composite?
True
Is 74687 a composite number?
False
Is 254827 prime?
True
Is 637379 a composite number?
False
Is 183101 prime?
False
Is 187813 prime?
False
Is 273253 composite?
False
Is 9066533 a prime number?
False
Is 23081 a prime number?
True
Is 173011 a composite number?
True
Is 983233 prime?
True
Is 1496471 a prime number?
True
Is 969685 prime?
False
Is 966419 a prime number?
True
Is 1621 a prime number?
True
Is 4703 composite?
False
Is 771917 a composite number?
False
Is 17282 prime?
False
Is 201385 prime?
False
Is 931781 a composite number?
False
Is 15191 composite?
True
Is 678823 a prime number?
True
Is 148501 composite?
False
Is 3821 prime?
True
Is 9921 a prime number?
False
Is 2722 a composite number?
True
Is 7177 composite?
False
Is 111261 composite?
True
Is 318235 a prime number?
False
Is 11027 composite?
False
Is 15031 a prime number?
True
Is 7897 prime?
False
Is 15581 prime?
True
Is 12511 prime?
True
Is 75333 a prime number?
False
Is 278305 a composite number?
True
Is 29119 a composite number?
True
Is 62383 a composite number?
False
Is 631 composite?
False
Is 347707 a prime number?
True
Is 83783 a composite number?
True
Is 16243 prime?
False
Is 6337 a composite number?
False
Is 3963 prime?
False
Is 1655 prime?
False
Is 327482 prime?
False
Is 3973 a prime number?
False
Is 37731 composite?
True
Is 1099 a composite number?
True
Is 32771 a prime number?
True
Is 787 prime?
True
Is 113933 a prime number?
True
Is 265091 prime?
True
Is 226307 composite?
False
Is 48935 composite?
True
Is 156089 prime?
True
Is 25931 a composite number?
False
Is 57733 a composite number?
True
Is 49919 composite?
False
Is 35151 a prime number?
False
Is 1082 a composite number?
True
Is 28781 composite?
True
Is 11477 a prime number?
False
Is 1954 composite?
True
Is 521333 a composite number?
True
Is 29981 a prime number?
False
Is 74521 prime?
True
Is 287669 composite?
False
Is 11593 a prime number?
True
Is 102439 a prime number?
False
Is 1696397 composite?
True
Is 12674 a composite number?
True
Is 680783 a composite number?
False
Is 21647 prime?
True
Is 4091 prime?
True
Is 2999 a composite number?
False
Is 18897 prime?
False
Is 313657 composite?
True
Is 301259 composite?
True
Is 15166 a composite number?
True
Is 64871 prime?
True
Is 18107 prime?
False
Is 2047 a prime number?
False
Is 136835 a composite number?
True
Is 724333 a composi